497.
11, 19, 2280403
List the prime factors of 48295649.
47, 1027567
What are the prime factors of 2495537966?
2, 53, 23542811
List the prime factors of 24493022.
2, 17, 23, 31321
What are the prime factors of 91096918?
2, 11, 4140769
What are the prime factors of 36760732?
2, 17, 540599
List the prime factors of 48128909.
48128909
What are the prime factors of 145101458?
2, 283, 256363
What are the prime factors of 21791257?
21791257
What are the prime factors of 2166521324?
2, 11, 49239121
List the prime factors of 2154255528.
2, 3, 47, 1909801
What are the prime factors of 213291458?
2, 37, 1439, 2003
List the prime factors of 380707615.
5, 23, 37, 131, 683
What are the prime factors of 452516122?
2, 19, 23, 22511
What are the prime factors of 92933631?
3, 7, 1475137
List the prime factors of 433767886.
2, 17, 193, 66103
What are the prime factors of 75030318?
2, 3, 11, 378941
List the prime factors of 325669072.
2, 29, 199, 3527
List the prime factors of 2297672381.
587, 3914263
What are the prime factors of 1968143154?
2, 3, 1783, 183973
List the prime factors of 2452556573.
41, 59818453
List the prime factors of 16030488.
2, 3, 281, 2377
List the prime factors of 1486565753.
1453, 1023101
List the prime factors of 466184771.
13, 1493, 24019
What are the prime factors of 910817222?
2, 7, 2039, 31907
What are the prime factors of 112740725?
5, 137, 32917
What are the prime factors of 9006834?
2, 3, 1501139
List the prime factors of 39660248.
2, 61, 67, 1213
List the prime factors of 4275821420.
2, 5, 13, 727, 22621
What are the prime factors of 265846356?
2, 3, 929, 7949
List the prime factors of 30016463.
31, 968273
What are the prime factors of 3323127?
3, 773, 1433
List the prime factors of 15131633.
11, 229, 6007
List the prime factors of 226116531.
3, 1039, 24181
What are the prime factors of 212507219?
212507219
What are the prime factors of 177953189?
863, 206203
What are the prime factors of 101551932?
2, 3, 2820887
List the prime factors of 252087156.
2, 3, 43, 162847
List the prime factors of 375444244.
2, 7, 3623, 3701
What are the prime factors of 6584938525?
5, 11, 17, 23, 47, 1303
List the prime factors of 110631776.
2, 37, 41, 43, 53
List the prime factors of 1807594.
2, 739, 1223
List the prime factors of 8722992.
2, 3, 181729
What are the prime factors of 2876841?
3, 11, 29059
What are the prime factors of 41543372?
2, 13, 798911
What are the prime factors of 894135082?
2, 447067541
What are the prime factors of 38056252?
2, 13, 731851
List the prime factors of 1757666157.
3, 13, 127, 354869
List the prime factors of 313099922.
2, 263, 595247
What are the prime factors of 846166895?
5, 7, 23, 1051139
List the prime factors of 2199952035.
3, 5, 29, 67, 8387
What are the prime factors of 1529019293?
31, 71, 131, 5303
List the prime factors of 317873503.
317873503
What are the prime factors of 29686898?
2, 14843449
List the prime factors of 53486521.
11, 4862411
List the prime factors of 157023427.
11, 14274857
List the prime factors of 2126058211.
2131, 997681
What are the prime factors of 1100002232?
2, 7, 23, 854039
What are the prime factors of 302807275?
5, 19, 637489
What are the prime factors of 161605081?
11, 29, 506599
List the prime factors of 44757722.
2, 131, 139, 1229
What are the prime factors of 55630219?
55630219
What are the prime factors of 317367785?
5, 7, 59, 153689
What are the prime factors of 440374844?
2, 7, 13, 1209821
List the prime factors of 58074336.
2, 3, 19, 10613
What are the prime factors of 2055757791?
3, 685252597
List the prime factors of 236903412.
2, 3, 41, 191, 2521
List the prime factors of 4482003177.
3, 37, 13459469
List the prime factors of 83714847.
3, 2521, 11069
List the prime factors of 154699673.
154699673
What are the prime factors of 2987388790?
2, 5, 298738879
List the prime factors of 864313152.
2, 3, 347, 12973
List the prime factors of 127214099.
127214099
What are the prime factors of 651694947?
3, 283, 767603
List the prime factors of 746680675.
5, 13, 2297479
List the prime factors of 4064983301.
197, 3109, 6637
What are the prime factors of 1673426624?
2, 31, 843461
What are the prime factors of 174023764?
2, 17, 2559173
What are the prime factors of 48939422?
2, 7, 3495673
What are the prime factors of 50778212?
2, 1597, 7949
What are the prime factors of 84658612?
2, 79, 267907
List the prime factors of 123943361.
29, 4273909
List the prime factors of 1129303019.
13, 19, 4572077
What are the prime factors of 5337469537?
2371, 2251147
List the prime factors of 1823329150.
2, 5, 36466583
List the prime factors of 49187396.
2, 12296849
List the prime factors of 573469438.
2, 19, 37, 21467
List the prime factors of 1042759724.
2, 41, 6358291
List the prime factors of 419602466.
2, 17, 3083, 4003
What are the prime factors of 373119690?
2, 3, 5, 641, 19403
List the prime factors of 4137233247.
3, 7, 31, 706133
What are the prime factors of 1199219140?
2, 5, 7, 1223693
List the prime factors of 1364939523.
3, 151659947
What are the prime factors of 629385856?
2, 11, 40637
What are the prime factors of 5264162101?
11, 1721, 278071
List the prime factors of 98012788.
2, 24503197
What are the prime factors of 61135717?
353, 173189
List the prime factors of 1560918423.
3, 53, 2683, 3659
What are the prime factors of 559602099?
3, 7, 181277
What are the prime factors of 706458826?
2, 353229413
List the prime factors of 22792338.
2, 3, 1266241
List the prime factors of 54501017.
54501017
What are the prime factors of 290071825?
5, 11602873
What are the prime factors of 384973376?
2, 29, 31, 6691
What are the prime factors of 177361063?
11, 16123733
What are the prime factors of 111060209?
13, 109, 6029
What are the prime factors of 785692859?
7, 17, 6602461
What are the prime factors of 780002089?
487, 1601647
What are the prime factors of 547780730?
2, 5, 7, 7825439
List the prime factors of 4229350484.
2, 43, 73, 167, 2017
List the prime factors of 800953028.
2, 17, 101, 139, 839
List the prime factors of 652121032.
2, 81515129
What are the prime factors of 1776843675?
3, 5, 2632361
What are the prime factors of 141511739?
563, 251353
List the prime factors of 134236751.
11, 12203341
List the prime factors of 826416678.
2, 3, 181, 839, 907
What are the prime factors of 438582425?
5, 17543297
List the prime factors of 15371045.
5, 151, 20359
What are the prime factors of 3011080480?
2, 5, 19, 990487
What are the prime factors of 1013639187?
3, 11, 23, 41, 32573
What are the prime factors of 203241048?
2, 3, 29, 43, 6791
List the prime factors of 57394428.
2, 3, 7, 13, 311
List the prime factors of 67491230.
2, 5, 19, 101, 3517
List the prime factors of 155890527.
3, 13, 17, 23, 10223
What are the prime factors of 209035248?
2, 3, 29, 150169
List the prime factors of 28869337.
7, 4124191
List the prime factors of 109451027.
7, 15635861
What are the prime factors of 428721738?
2, 3, 19, 37, 101641
List the prime factors of 40916670.
2, 3, 5, 167, 8167
What are the prime factors of 18415540?
2, 5, 11, 13, 47, 137
List the prime factors of 1078197156.
2, 3, 3327769
What are the prime factors of 48905642?
2, 24452821
What are the prime factors of 1234599690?
2, 3, 5, 4463, 9221
List the prime factors of 6266846.
2, 17, 19, 89, 109
What are the prime factors of 1181462534?
2, 7, 863, 97787
List the prime factors of 41495884.
2, 107, 96953
List the prime factors of 766246456.
2, 97, 109, 9059
What are the prime factors of 89052110?
2, 5, 7, 181739
What are the prime factors of 38719990?
2, 5, 41, 94439
List the prime factors of 257264642.
2, 83, 1549787
List the prime factors of 124282444.
2, 11, 13, 17, 12781
What are the prime factors of 99398202?
2, 3, 16566367
List the prime factors of 2068920460.
2, 5, 151, 685073
What are the prime factors of 870474121?
11, 29, 359, 691
What are the prime factors of 555233124?
2, 3, 17, 19, 143249
What are the prime factors of 14378131?
1187, 12113
What are the prime factors of 14769714?
2, 3, 269, 9151
List the prime factors of 1012841936.
2, 29, 79, 27631
List the prime factors of 2846890459.
7, 317, 1282961
List the prime factors of 247219618.
2, 433, 285473
List the prime factors of 45506722.
2, 17, 1338433
What are the prime factors of